 by 2434.
79
Calculate the remainder when 408307 is divided by 16328.
107
Calculate the remainder when 133953909 is divided by 333.
330
Calculate the remainder when 4269 is divided by 299.
83
What is the remainder when 114981 is divided by 2363?
1557
What is the remainder when 890117 is divided by 654?
23
Calculate the remainder when 27536063 is divided by 113.
110
Calculate the remainder when 53879248 is divided by 10778.
26
Calculate the remainder when 5018521 is divided by 358462.
53
Calculate the remainder when 1989257 is divided by 249.
245
Calculate the remainder when 1994986 is divided by 334.
4
What is the remainder when 30744 is divided by 2196?
0
What is the remainder when 12368 is divided by 165?
158
What is the remainder when 1263489 is divided by 606?
585
What is the remainder when 2242687 is divided by 448?
447
What is the remainder when 543424 is divided by 9533?
43
What is the remainder when 7114792 is divided by 244?
240
Calculate the remainder when 13948548 is divided by 734133.
21
What is the remainder when 4246189 is divided by 76?
69
What is the remainder when 283076 is divided by 307?
22
Calculate the remainder when 12687772 is divided by 151.
148
Calculate the remainder when 4965 is divided by 321.
150
What is the remainder when 1374302 is divided by 3054?
2
What is the remainder when 109010546 is divided by 825?
821
What is the remainder when 238446 is divided by 2148?
18
Calculate the remainder when 1578 is divided by 1003.
575
Calculate the remainder when 396039 is divided by 394973.
1066
What is the remainder when 262773432 is divided by 13?
12
What is the remainder when 56178 is divided by 1402?
98
What is the remainder when 77350234 is divided by 149?
13
What is the remainder when 255569 is divided by 1243?
754
Calculate the remainder when 717552 is divided by 2016.
1872
Calculate the remainder when 9968718 is divided by 2350.
18
Calculate the remainder when 32540 is divided by 6368.
700
What is the remainder when 409323 is divided by 2574?
57
What is the remainder when 79454 is divided by 4670?
64
Calculate the remainder when 40242 is divided by 2692.
2554
What is the remainder when 99753 is divided by 3833?
95
What is the remainder when 37826 is divided by 1621?
543
What is the remainder when 5431886 is divided by 945?
26
Calculate the remainder when 789412 is divided by 789411.
1
What is the remainder when 14746060 is divided by 1635?
1630
What is the remainder when 713332 is divided by 712924?
408
What is the remainder when 27674 is divided by 5324?
1054
Calculate the remainder when 51673 is divided by 25189.
1295
What is the remainder when 199451688 is divided by 11?
7
Calculate the remainder when 1182 is divided by 1010.
172
Calculate the remainder when 623476 is divided by 2783.
84
Calculate the remainder when 1113398 is divided by 111314.
258
What is the remainder when 521778 is divided by 317?
313
Calculate the remainder when 12847635 is divided by 759.
42
What is the remainder when 2905123 is divided by 4794?
4753
Calculate the remainder when 22529772 is divided by 3231.
9
What is the remainder when 566097 is divided by 80868?
21
Calculate the remainder when 18179451 is divided by 23.
21
What is the remainder when 839715 is divided by 2906?
2787
What is the remainder when 24278475 is divided by 80?
75
What is the remainder when 7247244 is divided by 21698?
112
What is the remainder when 1251687 is divided by 1611?
1551
What is the remainder when 55711 is divided by 48?
31
What is the remainder when 142605 is divided by 1517?
7
What is the remainder when 850759 is divided by 212521?
675
What is the remainder when 87743389 is divided by 44?
41
Calculate the remainder when 230116 is divided by 546.
250
Calculate the remainder when 370524 is divided by 423.
399
What is the remainder when 10606754 is divided by 33?
26
What is the remainder when 198308 is divided by 65818?
854
Calculate the remainder when 9226974 is divided by 56.
22
What is the remainder when 68785 is divided by 4367?
3280
Calculate the remainder when 12838037 is divided by 3209506.
13
What is the remainder when 173422 is divided by 24729?
319
Calculate the remainder when 4560554 is divided by 103.
23
What is the remainder when 48995 is divided by 48694?
301
Calculate the remainder when 43108 is divided by 43070.
38
What is the remainder when 2235590 is divided by 1725?
1715
What is the remainder when 57151224 is divided by 19?
3
What is the remainder when 631046 is divided by 210105?
731
What is the remainder when 59117 is divided by 1905?
62
What is the remainder when 42846899 is divided by 950?
949
What is the remainder when 454527 is divided by 324?
279
What is the remainder when 6385812 is divided by 76?
64
Calculate the remainder when 38920164 is divided by 44531.
70
Calculate the remainder when 10473942 is divided by 2618478.
30
What is the remainder when 3426563 is divided by 441?
434
Calculate the remainder when 2052261 is divided by 378.
99
What is the remainder when 3143647 is divided by 12?
7
What is the remainder when 1263 is divided by 162?
129
What is the remainder when 4002456 is divided by 4002399?
57
Calculate the remainder when 414722 is divided by 1536.
2
Calculate the remainder when 687746 is divided by 99.
92
Calculate the remainder when 258812 is divided by 1496.
4
What is the remainder when 22840 is divided by 397?
211
Calculate the remainder when 41399309 is divided by 22.
17
Calculate the remainder when 2782180 is divided by 346.
340
Calculate the remainder when 240286 is divided by 79063.
3097
Calculate the remainder when 240973 is divided by 75.
73
Calculate the remainder when 111558619 is divided by 13944827.
3
What is the remainder when 4007199 is divided by 4564?
7
Calculate the remainder when 6191328 is divided by 2155.
13
What is the remainder when 1128075 is divided by 5726?
53
Calculate the remainder when 12217515 is divided by 12217360.
155
What is the remainder when 128280694 is divided by 7?
3
Calculate the remainder when 28909 is divided by 5980.
4989
What is the remainder when 1441686 is divided by 288320?
86
What is the remainder when 2916480 is divided by 5928?
5832
Calculate the remainder when 4328437 is divided by 6105.
6097
Calculate the remainder when 46185 is divided by 7695.
15
Calculate the remainder when 3720820 is divided by 575.
570
Calculate the remainder when 278749 is divided by 5259.
22
What is the remainder when 111204664 is divided by 16?
8
Calculate the remainder when 1203880 is divided by 465.
460
What is the remainder when 168159809 is divided by 651?
650
What is the remainder when 78190 is divided by 1663?
29
Calculate the remainder when 9050814 is divided by 581.
577
Calculate the remainder when 708022 is divided by 27231.
16
Calculate the remainder when 17322309 is divided by 431.
419
Calculate the remainder when 128823411 is divided by 55.
46
What is the remainder when 53277 is divided by 4710?
1467
Calculate the remainder when 10251017 is divided by 4.
1
Calculate the remainder when 15197793 is divided by 2997.
6
Calculate the remainder when 33270 is divided by 1026.
438
What is the remainder when 39607731 is divided by 57906?
27
What is the remainder when 360071270 is divided by 74?
72
What is the remainder when 149067 is divided by 1096?
11
Calculate the remainder when 2383741 is divided by 24.
13
What is the remainder when 5867178 is divided by 12672?
42
Calculate the remainder when 66085 is divided by 7153.
1708
Calculate the remainder when 1487407 is divided by 1658.
181
Calculate the remainder when 1967 is divided by 89.
9
What is the remainder when 214941257 is divided by 31?
29
Calculate the remainder when 29005957 is divided by 335.
317
What is the remainder when 2273698 is divided by 568384?
162
What is the remainder when 98313020 is divided by 334398?
8
What is the remainder when 71206 is divided by 305?
141
Calculate the remainder when 83185849 is divided by 569766.
13
What is the remainder when 756011 is divided by 7714?
39
Calculate the remainder when 12726 is divided by 1812.
42
Calculate the remainder when 243634 is divided by 81.
67
What is the remainder when 1139817 is divided by 20353?
49
What is the remainder when 6262772 is divided by 519?
518
What is t